he remainder when 32127352 is divided by 58?
50
Calculate the remainder when 1865870 is divided by 373049.
625
Calculate the remainder when 2762316 is divided by 1393.
1390
Calculate the remainder when 295972834 is divided by 7.
3
Calculate the remainder when 415527 is divided by 2741.
1636
Calculate the remainder when 3340317 is divided by 9971.
32
Calculate the remainder when 30809 is divided by 4377.
170
Calculate the remainder when 37296 is divided by 246.
150
Calculate the remainder when 1031395 is divided by 46881.
13
Calculate the remainder when 136827 is divided by 103.
43
What is the remainder when 348503 is divided by 3082?
237
What is the remainder when 453150 is divided by 41153?
467
Calculate the remainder when 8225649 is divided by 107.
24
What is the remainder when 6932483 is divided by 11?
8
Calculate the remainder when 32708967 is divided by 10.
7
Calculate the remainder when 31045274 is divided by 1948.
1946
Calculate the remainder when 52938 is divided by 26461.
16
Calculate the remainder when 2450663 is divided by 380.
43
Calculate the remainder when 98867 is divided by 10903.
740
Calculate the remainder when 62691 is divided by 15234.
1755
Calculate the remainder when 149506 is divided by 136.
42
Calculate the remainder when 79721498 is divided by 955.
8
What is the remainder when 50281285 is divided by 4479?
31
Calculate the remainder when 3206909 is divided by 2997.
119
Calculate the remainder when 1084776 is divided by 3665.
3601
What is the remainder when 38798771 is divided by 92820?
11
Calculate the remainder when 65982 is divided by 12677.
2597
Calculate the remainder when 29618944 is divided by 42.
40
What is the remainder when 164495 is divided by 6087?
146
Calculate the remainder when 390540 is divided by 32418.
1524
What is the remainder when 17690206 is divided by 53?
25
Calculate the remainder when 112230 is divided by 1306.
1220
Calculate the remainder when 4996661 is divided by 4559.
4556
Calculate the remainder when 235242 is divided by 35.
7
What is the remainder when 3765464 is divided by 313788?
8
What is the remainder when 448668 is divided by 20392?
44
What is the remainder when 7679867 is divided by 260?
247
Calculate the remainder when 16809784 is divided by 77.
68
Calculate the remainder when 4789197 is divided by 3070.
3067
Calculate the remainder when 127384 is divided by 41919.
1627
Calculate the remainder when 160925 is divided by 285.
185
What is the remainder when 183916709 is divided by 459?
458
What is the remainder when 8123954 is divided by 4103?
14
What is the remainder when 35640680 is divided by 442?
10
What is the remainder when 1487271 is divided by 33?
27
Calculate the remainder when 134024 is divided by 537.
311
What is the remainder when 3060559 is divided by 80?
79
What is the remainder when 4469 is divided by 1009?
433
Calculate the remainder when 246856 is divided by 1126.
262
What is the remainder when 12181065 is divided by 5067?
5064
Calculate the remainder when 28048439 is divided by 65.
29
What is the remainder when 727134 is divided by 363287?
560
What is the remainder when 331333 is divided by 165228?
877
What is the remainder when 45446123 is divided by 17?
6
What is the remainder when 289524 is divided by 24118?
108
What is the remainder when 493661 is divided by 122374?
4165
What is the remainder when 1177645 is divided by 223?
205
What is the remainder when 9266 is divided by 1698?
776
What is the remainder when 39343 is divided by 179?
142
Calculate the remainder when 99424 is divided by 9024.
160
Calculate the remainder when 17792 is divided by 136.
112
Calculate the remainder when 5507011 is divided by 1835598.
217
Calculate the remainder when 2995753 is divided by 22.
13
What is the remainder when 162273 is divided by 20200?
673
Calculate the remainder when 475602 is divided by 158054.
1440
Calculate the remainder when 2918228 is divided by 83.
31
Calculate the remainder when 3590742 is divided by 25.
17
What is the remainder when 1990615 is divided by 82935?
175
What is the remainder when 7418825 is divided by 1918?
1
Calculate the remainder when 15124451 is divided by 7562225.
1
What is the remainder when 23475 is divided by 2854?
643
What is the remainder when 57501224 is divided by 1275?
1274
Calculate the remainder when 8300460 is divided by 783.
660
Calculate the remainder when 26651346 is divided by 55.
51
Calculate the remainder when 3202879 is divided by 64.
63
Calculate the remainder when 44172 is divided by 5494.
220
What is the remainder when 399963 is divided by 3663?
696
What is the remainder when 8053638 is divided by 4026718?
202
Calculate the remainder when 12212428 is divided by 13.
7
What is the remainder when 22013179 is divided by 171?
7
Calculate the remainder when 26793754 is divided by 1576103.
3
Calculate the remainder when 331302 is divided by 702.
660
What is the remainder when 38667 is divided by 5323?
1406
What is the remainder when 143570 is divided by 415?
395
What is the remainder when 880213 is divided by 5273?
4895
Calculate the remainder when 1987782 is divided by 1669.
3
Calculate the remainder when 148695 is divided by 72611.
3473
What is the remainder when 11171 is divided by 527?
104
What is the remainder when 915452 is divided by 7758?
8
Calculate the remainder when 101032 is divided by 3158.
3134
Calculate the remainder when 3839069 is divided by 34.
27
Calculate the remainder when 3731037 is divided by 6734.
401
Calculate the remainder when 1906756 is divided by 118.
112
What is the remainder when 26403782 is divided by 3654?
3632
Calculate the remainder when 8249062 is divided by 519.
76
Calculate the remainder when 138322012 is divided by 5253.
16
Calculate the remainder when 276381 is divided by 4934.
77
Calculate the remainder when 106330347 is divided by 1363.
1354
Calculate the remainder when 16627 is divided by 5486.
169
What is the remainder when 12829 is divided by 5826?
1177
What is the remainder when 1833025 is divided by 2331?
859
Calculate the remainder when 3421905 is divided by 37186.
793
Calculate the remainder when 62036999 is divided by 900.
899
Calculate the remainder when 327090 is divided by 206.
168
Calculate the remainder when 195747546 is divided by 703.
8
Calculate the remainder when 167058 is divided by 2197.
86
What is the remainder when 30802571 is divided by 1026?
1025
Calculate the remainder when 79390013 is divided by 844.
841
Calculate the remainder when 1334236 is divided by 303.
127
Calculate the remainder when 76748 is divided by 371.
322
Calculate the remainder when 2840917 is divided by 9473.
8490
What is the remainder when 2478839 is divided by 34913?
16
Calculate the remainder when 97031 is divided by 115.
86
What is the remainder when 1603025 is divided by 141?
137
Calculate the remainder when 837654 is divided by 8562.
7140
What is the remainder when 30213255 is divided by 520918?
11
Calculate the remainder when 97423518 is divided by 20.
18
What is the remainder when 61893589 is divided by 299?
290
What is the remainder when 958817 is divided by 1554?
1553
What is the remainder when 14577430 is divided by 1857?
1837
Calculate the remainder when 106086 is divided by 2828.
1450
What is the remainder when 2313270 is divided by 12709?
232
Calculate the remainder when 5176842 is divided by 2105.
647
What is the remainder when 52119548 is divided by 2994?
2990
What is the remainder when 1342653 is divided by 1531?
1497
What is the remainder when 15563 is divided by 3819?
287
Calculate the remainder when 2177705 is divided by 2176687.
1018
What is the remainder when 419810577 is divided by 714?
711
Calculate the remainder when 45075583 is divided by 51.
49
Calculate the remainder when 271418 is divided by 1364.
1346
What is the remainder when 3333193 is divided by 83?
79
Calculate the remainder when 114918143 is divided by 32.
31
What is the remainder when 2171103 is divided by 151?
25
Calculate the remainder when 72497 is divided by 1510.
17
What is the remainder when 83678327 is divided by 49?
47
Calculate the remainder when 68343 is divided by 2534.
2459
Calculate the remainder when 3398093 is divided by 1699004.
85
Calculate the remainder when 7713010 is divided by 30852.
10
What